In base 9, what is 2 - -82811330?
82811332
In base 8, what is 26454 - -71404?
120060
In base 8, what is -2105677 + 13?
-2105664
In base 13, what is 1827ca629 - 2?
1827ca627
In base 14, what is 20c3a - -1d?
20c59
In base 4, what is -1010221210121 - -3?
-1010221210112
In base 15, what is -64 + 1dd0?
1d6b
In base 6, what is -55 + 1151431?
1151332
In base 5, what is 20 - 12010004?
-12004434
In base 11, what is -704 + -40a3a?
-41643
In base 9, what is -380145185 - -5?
-380145180
In base 14, what is -21c4125 - -b?
-21c4118
In base 10, what is 4 + 1599916?
1599920
In base 16, what is d12 - -2e6?
ff8
In base 7, what is 33015 + -11206?
21506
In base 5, what is -1000111 + 100442?
-344114
In base 2, what is 1000001101110000010101 - -1?
1000001101110000010110
In base 9, what is -4 + 454432?
454427
In base 8, what is 1066765 - 1251?
1065514
In base 5, what is 2213132122 - 0?
2213132122
In base 16, what is 2760d6 - 4?
2760d2
In base 15, what is -22 - 7a4d6?
-7a508
In base 11, what is -135a - 9690?
-aa3a
In base 6, what is -4 + 13115331500?
13115331452
In base 9, what is -1 + -46654383?
-46654384
In base 5, what is 13030311300 + -21?
13030311224
In base 9, what is 176565 - -60?
176635
In base 12, what is -86114 - 4?
-86118
In base 6, what is -10054331 - 1114?
-10055445
In base 13, what is 106c845 + 3?
106c848
In base 14, what is -459b6c5a - 1?
-459b6c5b
In base 14, what is 149 + -316d?
-3024
In base 15, what is 2672 + -7b?
25e6
In base 4, what is 120122223 + -1201?
120121022
In base 7, what is 4015210222 - -3?
4015210225
In base 9, what is -8885 - 283?
-10278
In base 12, what is -38b17 + -125?
-39040
In base 4, what is -1111100312101 + 1?
-1111100312100
In base 13, what is 7a - -10bc576?
10bc623
In base 15, what is -792676 - 6?
-79267c
In base 8, what is 64 - -6302355?
6302441
In base 4, what is 11110010 + -1111103?
3332301
In base 2, what is -110111110100100111101 - 10100?
-110111110100101010001
In base 5, what is 41043244044 - -10?
41043244104
In base 15, what is -9ca4 - -361?
-9943
In base 11, what is 130 - 138395a?
-138382a
In base 15, what is -9cac - -30?
-9c7c
In base 16, what is -2e41e + 24?
-2e3fa
In base 7, what is 4504604540 + -4?
4504604533
In base 2, what is -100000001100001101100 - -111?
-100000001100001100101
In base 15, what is -6e718d8 - 1?
-6e718d9
In base 13, what is 7661464 - -3?
7661467
In base 13, what is -722946 + 101?
-722845
In base 15, what is 7891dad + -5?
7891da8
In base 5, what is -2 + 20401044242?
20401044240
In base 13, what is -485267b + 0?
-485267b
In base 10, what is 16602 + -1417?
15185
In base 13, what is -1461 - -545?
-c19
In base 16, what is 11e + -b0f34?
-b0e16
In base 2, what is 110111100000 - -1101101000000?
10100100100000
In base 9, what is 205457 + 217?
205675
In base 9, what is 17376605 - -18?
17376624
In base 4, what is 102020201310 + 0?
102020201310
In base 15, what is 1a - -85477?
85492
In base 13, what is 522 - 543c5?
-53ba3
In base 9, what is 4 - -106306484?
106306488
In base 11, what is 2 - 139839?
-139837
In base 13, what is -1069 - -ba5?
-194
In base 13, what is -1b010a + -8?
-1b0115
In base 16, what is -75 - -3a675?
3a600
In base 8, what is -241435 + 20?
-241415
In base 6, what is -15542351 + -3?
-15542354
In base 3, what is 1000102012 - 101010102?
122021210
In base 6, what is -1213055445 - 12?
-1213055501
In base 11, what is -228272a1 - 3?
-228272a4
In base 5, what is 23144041412 - 2?
23144041410
In base 14, what is d2a60 + -86?
d29b8
In base 7, what is -12600520 - 0?
-12600520
In base 11, what is 6 + 1170648?
1170653
In base 5, what is 132122424013 - 1?
132122424012
In base 15, what is 2a - -9297e?
929a9
In base 3, what is 202012 - 10222002211?
-10221100122
In base 5, what is 4432 + 1312300213?
1312310200
In base 10, what is -69354 - 2790?
-72144
In base 14, what is 784c069 - 1?
784c068
In base 13, what is 45838c2 - 1?
45838c1
In base 6, what is 22050002 + 101?
22050103
In base 4, what is 32220020103 + 32?
32220020201
In base 16, what is 3a3 + dca88?
dce2b
In base 3, what is 10 - -102020011201101?
102020011201111
In base 7, what is -3 - 412640525?
-412640531
In base 12, what is -3643367 - -2?
-3643365
In base 5, what is -101133242 - -3100?
-101130142
In base 15, what is 7146 + 1b6d?
8cb4
In base 16, what is -12bb - -393e?
2683
In base 11, what is -137 - 67457?
-67593
In base 15, what is -38e0 - -1cc9?
-1b16
In base 11, what is -3 - -2162407?
2162404
In base 10, what is -34 - -3006665?
3006631
In base 14, what is 10 - -bb37b9?
bb37c9
In base 12, what is 3 + 132658aa?
132658b1
In base 5, what is 104120 + 40134?
144304
In base 16, what is -f + 27082?
27073
In base 9, what is 2477052 - 22?
2477030
In base 16, what is -20 - 3db7ce?
-3db7ee
In base 12, what is 1105668 - -b?
1105677
In base 6, what is 2 - 1505525431?
-1505525425
In base 13, what is -2 + 270c51b5?
270c51b3
In base 10, what is 1258 + -8578?
-7320
In base 5, what is 2 + -203411000?
-203410443
In base 14, what is 6 + -509c32?
-509c2a
In base 4, what is -23010321 - -20302?
-22330013
In base 11, what is 5951504 - 6?
59514a9
In base 7, what is 106565243 + -13?
106565230
In base 10, what is -162 - -519364?
519202
In base 8, what is -1442 + 177362?
175720
In base 8, what is -452124 + 3?
-452121
In base 10, what is 615752 - -4?
615756
In base 11, what is 12324 + -3719?
9706
In base 8, what is -73537 - -400?
-73137
In base 15, what is 2 + -9bea080?
-9bea07d
In base 9, what is -861 + 377521?
376550
In base 13, what is 6c + -9528b0?
-952841
In base 5, what is 2 - 1331203433?
-1331203431
In base 11, what is -1737 + 1101?
-636
In base 5, what is -4334213400 + 11?
-4334213334
In base 15, what is -4 + -a3a0d8?
-a3a0dc
In base 12, what is a20961 + -2?
a2095b
In base 16, what is 24 + -86ce?
-86aa
In base 3, what is -2200112201000211 + -2?
-2200112201000220
In base 5, what is -1412 - -4220143?
4213231
In base 9, what is 17383216 - 3?
17383213
In base 15, what is 54 + -e76?
-e22
In base 16, what is 5 + -ecaff4f?
-ecaff4a
In base 7, what is -124 - -1160265?
1160141
In base 10, what is -6435 - -549?
-5886
In base 9, what is -7 + 103535825?
103535817
In base 16, what is 4 + -151dd9b?
-151dd97
In base 16, what is -e77 + 3e75?
2ffe
In base 4, what is -1 - -1322331323230?
1322331323223
In base 14, what is 189dd6 - -4?
189dda
In base 9, what is -327 + -430523?
-430851
In base 10, what is 58 + -7741139?
-7741081
In base 5, what is 23 + -2014434?
-2014411
In base 5, what is 13101031 - -2?
13101033
In base 11, what is 130338 + 4a?
130387
In base 13, what is -1238403 - -3?
-1238400
In base 6, what is -135255 + 2032?
-133223
In base 8, what is -6737473 + 667?
-6736604
In base 11, what is 27a - 4372?
-40a3
In base 11, what is 16 - 179670?
-179655
In base 2, what is 100 - 1100010000011010011110001011?
-1100010000011010011110000111
In base 13, what is -1447 + 1116?
-331
In base 15, what is -315e - ae?
-321d
In base 3, what is -2212121022010101111 - -10?
-2212121022010101101
In base 4, what is -222311011 - -331?
-222310020
In base 10, what is -1990374 - 155?
-1990529
In base 7, what is 3630663 + -136?
3630524
In base 7, what is 2 - 4560153?
-4560151
In base 10, what is 1131 - -39087?
40218
In base 15, what is 8 - -675372?
67537a
In base 4, what is 3 + -2213133202132?
-2213133202123
In base 4, what is -1323312 - 10330?
-2000302
In base 9, what is -20440666 - -5?
-20440661
In base 12, what is -1750 + 7a29?
6299
In base 15, what is 229b1 - -13e7?
23da8
In base 16, what is 208766 - 8?
20875e
In base 5, what is -24 - -132411244033?
132411244004
In base 13, what is 9c1 - 9028?
-8337
In base 6, what is 401 + -3054333?
-3053532
In base 16, what is 3 + 572c68?
572c6b
In base 13, what is 547 + -8738?
-81c1
In base 11, what is 341492 + 33?
341515
In base 15, what is 1c2 + 26ed?
28c0
In base 4, what is -31202210 - 1131120?
-32333330
In base 13, what is 1413 + 51b99?
532ac
In base 8, what is -5124 - -216567?
211443
In base 3, what is 102011222202 - 20021?
102011202111
In base 11, what is 69 + -71264?
-711a6
In base 5, what is 100 + -42044000344?
-42044000244
In base 15, what is -596699 + 2d?
-59666b
In base 5, what is -103013 - -1141041?
1033023
In base 2, what is 1001111010 + 1000000001?
10001111011
In base 14, what is 17 + -6145649?
-6145632
In base 14, what is -28 - -3b498?
3b470
In bas